{"id":39,"date":"2019-04-02T11:39:26","date_gmt":"2019-04-02T11:39:26","guid":{"rendered":"https:\/\/www.szabokertepito.hu\/tunderkertek\/?page_id=39"},"modified":"2019-04-25T15:33:12","modified_gmt":"2019-04-25T13:33:12","slug":"megepitettuk_meglattuk_megmutatjuk","status":"publish","type":"page","link":"https:\/\/www.szabokertepito.hu\/tunderkertek\/","title":{"rendered":"T\u00fcnd\u00e9rkertek nyit\u00f3lap"},"content":{"rendered":"<!-- AddThis Advanced Settings generic via filter on the_content --><!-- AddThis Share Buttons generic via filter on the_content -->","protected":false},"excerpt":{"rendered":"<p><!-- AddThis Advanced Settings generic via filter on get_the_excerpt --><!-- AddThis Share Buttons generic via filter on get_the_excerpt --><\/p>\n","protected":false},"author":2,"featured_media":0,"parent":0,"menu_order":0,"comment_status":"closed","ping_status":"closed","template":"template-home.php","meta":{"spay_email":""},"jetpack_sharing_enabled":true,"jetpack_shortlink":"https:\/\/wp.me\/PaQIIV-D","jetpack-related-posts":[{"id":44,"url":"https:\/\/www.szabokertepito.hu\/tunderkertek\/temaink\/","url_meta":{"origin":39,"position":0},"title":"T\u00e9m\u00e1ink","date":"2019.04.02.","format":false,"excerpt":"","rel":"","context":"Similar post","img":{"alt_text":"","src":"","width":0,"height":0},"classes":[]},{"id":109,"url":"https:\/\/www.szabokertepito.hu\/tunderkertek\/oldalsav\/","url_meta":{"origin":39,"position":1},"title":"Oldals\u00e1v","date":"2019.04.07.","format":false,"excerpt":"","rel":"","context":"Similar post","img":{"alt_text":"","src":"","width":0,"height":0},"classes":[]},{"id":47,"url":"https:\/\/www.szabokertepito.hu\/tunderkertek\/torteneteink-archivuma\/","url_meta":{"origin":39,"position":2},"title":"T\u00f6rt\u00e9neteink","date":"2019.04.02.","format":false,"excerpt":"","rel":"","context":"Similar post","img":{"alt_text":"","src":"","width":0,"height":0},"classes":[]},{"id":3,"url":"https:\/\/www.szabokertepito.hu\/tunderkertek\/adatkezelesi-tajekoztato\/","url_meta":{"origin":39,"position":3},"title":"Adatv\u00e9delmi ir\u00e1nyelvek","date":"2019.03.28.","format":false,"excerpt":"Kik vagyunk Egy r\u00e9g\u00f3ta m\u0171k\u00f6d\u0151 kert\u00e9p\u00edt\u0151, kertfel\u00faj\u00edt\u00f3 c\u00e9g. Ez az oldal r\u00e9szint munk\u00e1inkkal, r\u00e9szint utaz\u00e1sok k\u00f6zben l\u00e1tott \u00e9rdekes helyeket, kerteket, n\u00f6v\u00e9nyeket mutat be. Oldalunk c\u00edme: https:\/\/www.szabokertepito.hu\/tunderkertek.A weboldal amihez kapcsol\u00f3dik: https:\/\/www.szabokertepito.hu\/ Melyek azok a szem\u00e9lyes adatok, amiket gy\u0171jt\u00fcnk \u00e9s milyen c\u00e9llal gy\u0171jtj\u00fck ezeket Hozz\u00e1sz\u00f3l\u00e1sok Hozz\u00e1sz\u00f3l\u00e1s bek\u00fcld\u00e9sekor a hozz\u00e1sz\u00f3l\u00e1si \u0171rlapban megadottakon k\u00edv\u00fcl\u2026","rel":"","context":"Similar post","img":{"alt_text":"","src":"","width":0,"height":0},"classes":[]}],"_links":{"self":[{"href":"https:\/\/www.szabokertepito.hu\/tunderkertek\/wp-json\/wp\/v2\/pages\/39"}],"collection":[{"href":"https:\/\/www.szabokertepito.hu\/tunderkertek\/wp-json\/wp\/v2\/pages"}],"about":[{"href":"https:\/\/www.szabokertepito.hu\/tunderkertek\/wp-json\/wp\/v2\/types\/page"}],"author":[{"embeddable":true,"href":"https:\/\/www.szabokertepito.hu\/tunderkertek\/wp-json\/wp\/v2\/users\/2"}],"replies":[{"embeddable":true,"href":"https:\/\/www.szabokertepito.hu\/tunderkertek\/wp-json\/wp\/v2\/comments?post=39"}],"version-history":[{"count":9,"href":"https:\/\/www.szabokertepito.hu\/tunderkertek\/wp-json\/wp\/v2\/pages\/39\/revisions"}],"predecessor-version":[{"id":1730,"href":"https:\/\/www.szabokertepito.hu\/tunderkertek\/wp-json\/wp\/v2\/pages\/39\/revisions\/1730"}],"wp:attachment":[{"href":"https:\/\/www.szabokertepito.hu\/tunderkertek\/wp-json\/wp\/v2\/media?parent=39"}],"curies":[{"name":"wp","href":"https:\/\/api.w.org\/{rel}","templated":true}]}}